{"id":6068,"date":"2024-09-17T12:03:30","date_gmt":"2024-09-17T10:03:30","guid":{"rendered":"https:\/\/evorad.de\/?page_id=6068"},"modified":"2024-12-06T17:46:21","modified_gmt":"2024-12-06T16:46:21","slug":"leasing-und-abo","status":"publish","type":"page","link":"https:\/\/evorad.de\/index.php\/leasing-und-abo\/","title":{"rendered":"Leasing und Abo"},"content":{"rendered":"\t\t<div data-elementor-type=\"wp-page\" data-elementor-id=\"6068\" class=\"elementor elementor-6068\">\n\t\t\t\t<div class=\"elementor-element elementor-element-205703d e-flex e-con-boxed e-con e-parent\" data-id=\"205703d\" data-element_type=\"container\" data-e-type=\"container\">\n\t\t\t\t\t<div class=\"e-con-inner\">\n\t\t\t\t<div class=\"elementor-element elementor-element-9a8df55 elementor-widget elementor-widget-html\" data-id=\"9a8df55\" data-element_type=\"widget\" data-e-type=\"widget\" data-widget_type=\"html.default\">\n\t\t\t\t<div class=\"elementor-widget-container\">\n\t\t\t\t\t<h3>Mietabovertrag<\/h3>\r\n<p>\r\n Mindestlaufzeit 6 Monate. Danach flexibel monatlich k\u00fcndbar.   \r\n<\/p>\r\n<ul>\r\n  <li><strong>Fiido D3 Pro \u2013 nur 17 kg<\/strong> nur 65\u20ac\/Monat.<\/li>\r\n<\/ul>\r\n\r\n\r\n<h2>Reservierung<\/h2>\r\n<p>Vor der Bestellung \u00fcberweisen Sie 100 \u20ac Kaution per PayPal oder Bank\u00fcberweisung. Diese reserviert das gew\u00fcnschte E-Bike und wird nach Erhalt des E-Bikes vom Gesamtpreis abgezogen. Bei R\u00fccktritt wird die Kaution nicht erstattet. Ein schriftlicher R\u00fccktritt innerhalb von 24 Stunden sichert die volle R\u00fcckerstattung.<\/p>\r\n\r\n<h3>Nach 12 Monaten<\/h3>\r\n<p>Nach 12 Monaten kann der Mieter das E-Bike durch die Zahlung eines Betrags gem\u00e4\u00df Angebot erwerben. Dadurch endet der Mietvertrag, und das E-Bike geht in das Eigentum des Mieters \u00fcber.<\/p>\r\n\r\n<h3>Monatliche Miete<\/h3>\r\n<ul>\r\n  <li>\r\n    <strong>Option 1:<\/strong> \r\n    <ul>\r\n      <li>Sofort f\u00e4llig: Ersten 3 Monate: <strong>[Betrag]<\/strong><\/li>\r\n      <li>Kaution: <strong>100\u20ac<\/strong><\/li>\r\n    <\/ul>\r\n  <\/li>\r\n  \r\n  <li>\r\n    <strong>Option 2:<\/strong> \r\n    <ul>\r\n      <li>Sofort f\u00e4llig: Erster Monat: <strong>[Betrag]<\/strong><\/li>\r\n      <li>Kaution: <strong>300\u20ac<\/strong><\/li>\r\n    <\/ul>\r\n  <\/li>\r\n<\/ul>\r\n<p>(Kaution wird nach Mietende erstattet: 5% Aufschlag ab 6 Monaten, 10% ab 12 Monaten. s. AGB)<\/p>\r\n\r\n<h3>Mietdauer \/ K\u00fcndigung<\/h3>\r\n<p>Dieser Vertrag wird f\u00fcr eine Mindestdauer von sechs Monaten geschlossen. Ab dem 7. Monat ist der Vertrag monatlich k\u00fcndbar. Eine K\u00fcndigung ist schriftlich zum Ende eines laufenden Monats m\u00f6glich.<\/p>\r\n<br>\r\n<p>Preise nach \u00a7 19 Abs. 1 UStG umsatzsteuerbefreit.<\/p>\r\n\r\n<p>Gesamtbetrag ist sofort nach Lieferung des E-Bikes zu \u00fcberweisen.<\/p>\r\n<br>\r\n<p style=\"font-size:18px; color: #333; font-weight: bold;\">\r\n  Jetzt anfragen und keine Zeit mehr verlieren! Kontaktieren Sie uns auf unserer<br>\r\n  <a href=\"https:\/\/evorad.de\/index.php\/info\/\" style=\"color:#3D723E; text-decoration: none;\">Info-Seite<\/a>.\r\n<\/p>\r\n\r\n\r\n\r\n\r\n\r\n\t\t\t\t<\/div>\n\t\t\t\t<\/div>\n\t\t\t\t\t<\/div>\n\t\t\t\t<\/div>\n\t\t\t\t<\/div>\n\t\t","protected":false},"excerpt":{"rendered":"<p>Mietabovertrag Mindestlaufzeit 6 Monate. Danach flexibel monatlich k\u00fcndbar. Fiido D3 Pro \u2013 nur 17 kg nur 65\u20ac\/Monat. Reservierung Vor der Bestellung \u00fcberweisen Sie 100 \u20ac Kaution per PayPal oder Bank\u00fcberweisung. Diese reserviert das gew\u00fcnschte E-Bike und wird nach Erhalt des E-Bikes vom Gesamtpreis abgezogen. Bei R\u00fccktritt wird die Kaution nicht erstattet. Ein schriftlicher R\u00fccktritt innerhalb [&hellip;]<\/p>\n","protected":false},"author":1,"featured_media":0,"parent":0,"menu_order":0,"comment_status":"closed","ping_status":"closed","template":"","meta":{"footnotes":""},"folder":[],"class_list":["post-6068","page","type-page","status-publish","hentry"],"yoast_head":"<!-- This site is optimized with the Yoast SEO plugin v27.3 - https:\/\/yoast.com\/product\/yoast-seo-wordpress\/ -->\n<title>E-Bike mieten - Leasing und Abo - evoRad<\/title>\n<meta name=\"description\" content=\"Mieten Sie hochwertige E-Bikes bei evoRad in Bad Nenndorf! W\u00e4hlen Sie aus Citybikes, E-Mountainbikes und mehr \u2013 flexibel f\u00fcr Tagesmiete oder l\u00e4ngere Zeitr\u00e4ume. Entdecken Sie die Region komfortabel und umweltfreundlich!\" \/>\n<meta name=\"robots\" content=\"index, follow, max-snippet:-1, max-image-preview:large, max-video-preview:-1\" \/>\n<link rel=\"canonical\" href=\"https:\/\/evorad.de\/index.php\/leasing-und-abo\/\" \/>\n<meta property=\"og:locale\" content=\"de_DE\" \/>\n<meta property=\"og:type\" content=\"article\" \/>\n<meta property=\"og:title\" content=\"E-Bike mieten - Leasing und Abo - evoRad\" \/>\n<meta property=\"og:description\" content=\"Mieten Sie hochwertige E-Bikes bei evoRad in Bad Nenndorf! W\u00e4hlen Sie aus Citybikes, E-Mountainbikes und mehr \u2013 flexibel f\u00fcr Tagesmiete oder l\u00e4ngere Zeitr\u00e4ume. Entdecken Sie die Region komfortabel und umweltfreundlich!\" \/>\n<meta property=\"og:url\" content=\"https:\/\/evorad.de\/index.php\/leasing-und-abo\/\" \/>\n<meta property=\"og:site_name\" content=\"evoRad\" \/>\n<meta property=\"article:modified_time\" content=\"2024-12-06T16:46:21+00:00\" \/>\n<meta property=\"og:image\" content=\"https:\/\/evorad.de\/wp-content\/uploads\/2024\/08\/Homepage-Slideshow-Bilder-1.webp\" \/>\n\t<meta property=\"og:image:width\" content=\"900\" \/>\n\t<meta property=\"og:image:height\" content=\"900\" \/>\n\t<meta property=\"og:image:type\" content=\"image\/webp\" \/>\n<meta name=\"twitter:card\" content=\"summary_large_image\" \/>\n<meta name=\"twitter:label1\" content=\"Gesch\u00e4tzte Lesezeit\" \/>\n\t<meta name=\"twitter:data1\" content=\"1\u00a0Minute\" \/>\n<script type=\"application\/ld+json\" class=\"yoast-schema-graph\">{\"@context\":\"https:\\\/\\\/schema.org\",\"@graph\":[{\"@type\":\"WebPage\",\"@id\":\"https:\\\/\\\/evorad.de\\\/index.php\\\/leasing-und-abo\\\/\",\"url\":\"https:\\\/\\\/evorad.de\\\/index.php\\\/leasing-und-abo\\\/\",\"name\":\"E-Bike mieten - Leasing und Abo - evoRad\",\"isPartOf\":{\"@id\":\"https:\\\/\\\/evorad.de\\\/#website\"},\"datePublished\":\"2024-09-17T10:03:30+00:00\",\"dateModified\":\"2024-12-06T16:46:21+00:00\",\"description\":\"Mieten Sie hochwertige E-Bikes bei evoRad in Bad Nenndorf! W\u00e4hlen Sie aus Citybikes, E-Mountainbikes und mehr \u2013 flexibel f\u00fcr Tagesmiete oder l\u00e4ngere Zeitr\u00e4ume. Entdecken Sie die Region komfortabel und umweltfreundlich!\",\"breadcrumb\":{\"@id\":\"https:\\\/\\\/evorad.de\\\/index.php\\\/leasing-und-abo\\\/#breadcrumb\"},\"inLanguage\":\"de\",\"potentialAction\":[{\"@type\":\"ReadAction\",\"target\":[\"https:\\\/\\\/evorad.de\\\/index.php\\\/leasing-und-abo\\\/\"]}]},{\"@type\":\"BreadcrumbList\",\"@id\":\"https:\\\/\\\/evorad.de\\\/index.php\\\/leasing-und-abo\\\/#breadcrumb\",\"itemListElement\":[{\"@type\":\"ListItem\",\"position\":1,\"name\":\"Startseite\",\"item\":\"https:\\\/\\\/evorad.de\\\/\"},{\"@type\":\"ListItem\",\"position\":2,\"name\":\"Leasing und Abo\"}]},{\"@type\":\"WebSite\",\"@id\":\"https:\\\/\\\/evorad.de\\\/#website\",\"url\":\"https:\\\/\\\/evorad.de\\\/\",\"name\":\"evoRad\",\"description\":\"Zuverl\u00e4ssige E-Bikes mieten\",\"publisher\":{\"@id\":\"https:\\\/\\\/evorad.de\\\/#organization\"},\"potentialAction\":[{\"@type\":\"SearchAction\",\"target\":{\"@type\":\"EntryPoint\",\"urlTemplate\":\"https:\\\/\\\/evorad.de\\\/?s={search_term_string}\"},\"query-input\":{\"@type\":\"PropertyValueSpecification\",\"valueRequired\":true,\"valueName\":\"search_term_string\"}}],\"inLanguage\":\"de\"},{\"@type\":\"Organization\",\"@id\":\"https:\\\/\\\/evorad.de\\\/#organization\",\"name\":\"evoRad\",\"url\":\"https:\\\/\\\/evorad.de\\\/\",\"logo\":{\"@type\":\"ImageObject\",\"inLanguage\":\"de\",\"@id\":\"https:\\\/\\\/evorad.de\\\/#\\\/schema\\\/logo\\\/image\\\/\",\"url\":\"https:\\\/\\\/evorad.de\\\/wp-content\\\/uploads\\\/2024\\\/03\\\/icon_logo.jpg\",\"contentUrl\":\"https:\\\/\\\/evorad.de\\\/wp-content\\\/uploads\\\/2024\\\/03\\\/icon_logo.jpg\",\"width\":512,\"height\":512,\"caption\":\"evoRad\"},\"image\":{\"@id\":\"https:\\\/\\\/evorad.de\\\/#\\\/schema\\\/logo\\\/image\\\/\"}}]}<\/script>\n<!-- \/ Yoast SEO plugin. -->","yoast_head_json":{"title":"E-Bike mieten - Leasing und Abo - evoRad","description":"Mieten Sie hochwertige E-Bikes bei evoRad in Bad Nenndorf! W\u00e4hlen Sie aus Citybikes, E-Mountainbikes und mehr \u2013 flexibel f\u00fcr Tagesmiete oder l\u00e4ngere Zeitr\u00e4ume. Entdecken Sie die Region komfortabel und umweltfreundlich!","robots":{"index":"index","follow":"follow","max-snippet":"max-snippet:-1","max-image-preview":"max-image-preview:large","max-video-preview":"max-video-preview:-1"},"canonical":"https:\/\/evorad.de\/index.php\/leasing-und-abo\/","og_locale":"de_DE","og_type":"article","og_title":"E-Bike mieten - Leasing und Abo - evoRad","og_description":"Mieten Sie hochwertige E-Bikes bei evoRad in Bad Nenndorf! W\u00e4hlen Sie aus Citybikes, E-Mountainbikes und mehr \u2013 flexibel f\u00fcr Tagesmiete oder l\u00e4ngere Zeitr\u00e4ume. Entdecken Sie die Region komfortabel und umweltfreundlich!","og_url":"https:\/\/evorad.de\/index.php\/leasing-und-abo\/","og_site_name":"evoRad","article_modified_time":"2024-12-06T16:46:21+00:00","og_image":[{"width":900,"height":900,"url":"https:\/\/evorad.de\/wp-content\/uploads\/2024\/08\/Homepage-Slideshow-Bilder-1.webp","type":"image\/webp"}],"twitter_card":"summary_large_image","twitter_misc":{"Gesch\u00e4tzte Lesezeit":"1\u00a0Minute"},"schema":{"@context":"https:\/\/schema.org","@graph":[{"@type":"WebPage","@id":"https:\/\/evorad.de\/index.php\/leasing-und-abo\/","url":"https:\/\/evorad.de\/index.php\/leasing-und-abo\/","name":"E-Bike mieten - Leasing und Abo - evoRad","isPartOf":{"@id":"https:\/\/evorad.de\/#website"},"datePublished":"2024-09-17T10:03:30+00:00","dateModified":"2024-12-06T16:46:21+00:00","description":"Mieten Sie hochwertige E-Bikes bei evoRad in Bad Nenndorf! W\u00e4hlen Sie aus Citybikes, E-Mountainbikes und mehr \u2013 flexibel f\u00fcr Tagesmiete oder l\u00e4ngere Zeitr\u00e4ume. Entdecken Sie die Region komfortabel und umweltfreundlich!","breadcrumb":{"@id":"https:\/\/evorad.de\/index.php\/leasing-und-abo\/#breadcrumb"},"inLanguage":"de","potentialAction":[{"@type":"ReadAction","target":["https:\/\/evorad.de\/index.php\/leasing-und-abo\/"]}]},{"@type":"BreadcrumbList","@id":"https:\/\/evorad.de\/index.php\/leasing-und-abo\/#breadcrumb","itemListElement":[{"@type":"ListItem","position":1,"name":"Startseite","item":"https:\/\/evorad.de\/"},{"@type":"ListItem","position":2,"name":"Leasing und Abo"}]},{"@type":"WebSite","@id":"https:\/\/evorad.de\/#website","url":"https:\/\/evorad.de\/","name":"evoRad","description":"Zuverl\u00e4ssige E-Bikes mieten","publisher":{"@id":"https:\/\/evorad.de\/#organization"},"potentialAction":[{"@type":"SearchAction","target":{"@type":"EntryPoint","urlTemplate":"https:\/\/evorad.de\/?s={search_term_string}"},"query-input":{"@type":"PropertyValueSpecification","valueRequired":true,"valueName":"search_term_string"}}],"inLanguage":"de"},{"@type":"Organization","@id":"https:\/\/evorad.de\/#organization","name":"evoRad","url":"https:\/\/evorad.de\/","logo":{"@type":"ImageObject","inLanguage":"de","@id":"https:\/\/evorad.de\/#\/schema\/logo\/image\/","url":"https:\/\/evorad.de\/wp-content\/uploads\/2024\/03\/icon_logo.jpg","contentUrl":"https:\/\/evorad.de\/wp-content\/uploads\/2024\/03\/icon_logo.jpg","width":512,"height":512,"caption":"evoRad"},"image":{"@id":"https:\/\/evorad.de\/#\/schema\/logo\/image\/"}}]}},"jetpack_sharing_enabled":true,"_links":{"self":[{"href":"https:\/\/evorad.de\/index.php\/wp-json\/wp\/v2\/pages\/6068","targetHints":{"allow":["GET"]}}],"collection":[{"href":"https:\/\/evorad.de\/index.php\/wp-json\/wp\/v2\/pages"}],"about":[{"href":"https:\/\/evorad.de\/index.php\/wp-json\/wp\/v2\/types\/page"}],"author":[{"embeddable":true,"href":"https:\/\/evorad.de\/index.php\/wp-json\/wp\/v2\/users\/1"}],"replies":[{"embeddable":true,"href":"https:\/\/evorad.de\/index.php\/wp-json\/wp\/v2\/comments?post=6068"}],"version-history":[{"count":58,"href":"https:\/\/evorad.de\/index.php\/wp-json\/wp\/v2\/pages\/6068\/revisions"}],"predecessor-version":[{"id":6230,"href":"https:\/\/evorad.de\/index.php\/wp-json\/wp\/v2\/pages\/6068\/revisions\/6230"}],"wp:attachment":[{"href":"https:\/\/evorad.de\/index.php\/wp-json\/wp\/v2\/media?parent=6068"}],"wp:term":[{"taxonomy":"folder","embeddable":true,"href":"https:\/\/evorad.de\/index.php\/wp-json\/wp\/v2\/folder?post=6068"}],"curies":[{"name":"wp","href":"https:\/\/api.w.org\/{rel}","templated":true}]}}